factors of 1504192474.
2, 29, 25934353
What are the prime factors of 33479864?
2, 11, 380453
List the prime factors of 50140789.
50140789
List the prime factors of 192990025.
5, 1231, 6271
What are the prime factors of 93745515?
3, 5, 6249701
List the prime factors of 539977114.
2, 9461, 28537
What are the prime factors of 165110040?
2, 3, 5, 458639
List the prime factors of 318960176.
2, 19935011
List the prime factors of 1356343944.
2, 3, 383, 147557
List the prime factors of 3683925498.
2, 3, 11, 37, 43, 35083
What are the prime factors of 1119667161?
3, 137, 2724251
List the prime factors of 17243730.
2, 3, 5, 7, 101, 271
List the prime factors of 2139243198.
2, 3, 3257, 109469
What are the prime factors of 22244383?
7, 19, 23893
List the prime factors of 52751458.
2, 61, 432389
List the prime factors of 51769208.
2, 6471151
What are the prime factors of 680738787?
3, 653, 115831
List the prime factors of 333809986.
2, 89, 1875337
List the prime factors of 183744626.
2, 13, 31, 277, 823
What are the prime factors of 158956655?
5, 11, 13, 222317
What are the prime factors of 17857219?
179, 99761
What are the prime factors of 27199240?
2, 5, 679981
What are the prime factors of 274558594?
2, 1889, 72673
List the prime factors of 126290038.
2, 7, 9020717
List the prime factors of 999058825.
5, 39962353
What are the prime factors of 21325831?
137, 155663
What are the prime factors of 247474300?
2, 5, 2474743
List the prime factors of 1493929633.
7, 131, 1629149
List the prime factors of 54668332.
2, 23, 47, 269
What are the prime factors of 5949963?
3, 220369
List the prime factors of 2121014669.
19, 107, 1043293
What are the prime factors of 61651551?
3, 13, 43, 97, 379
List the prime factors of 1269543951.
3, 13, 10850803
List the prime factors of 422257495.
5, 11, 7677409
What are the prime factors of 8203478?
2, 19, 59, 3659
List the prime factors of 1963479861.
3, 7, 31166347
List the prime factors of 390914882.
2, 953, 205097
What are the prime factors of 131641741?
7, 11, 1709633
What are the prime factors of 7475219?
179, 41761
List the prime factors of 436977792.
2, 3, 17, 53, 421
What are the prime factors of 52133892?
2, 3, 733, 5927
What are the prime factors of 65669093?
7, 9381299
What are the prime factors of 2127318542?
2, 163, 6525517
What are the prime factors of 23804961?
3, 7934987
List the prime factors of 169972427.
169972427
List the prime factors of 5620984323.
3, 149, 467, 26927
What are the prime factors of 37204420?
2, 5, 11, 169111
List the prime factors of 96637556.
2, 167, 144667
What are the prime factors of 290343503?
19, 15281237
What are the prime factors of 570197?
17, 1973
List the prime factors of 133503477.
3, 23, 1934833
What are the prime factors of 79804355?
5, 47, 71, 4783
What are the prime factors of 42568163?
11, 351803
What are the prime factors of 22854854?
2, 11, 281, 3697
What are the prime factors of 62841601?
463, 135727
List the prime factors of 54179185.
5, 439, 24683
What are the prime factors of 867942195?
3, 5, 1031, 56123
List the prime factors of 190925630.
2, 5, 7, 1583, 1723
What are the prime factors of 98459949?
3, 7, 4688569
What are the prime factors of 698479146?
2, 3, 12934799
What are the prime factors of 1541624794?
2, 191, 229, 17623
What are the prime factors of 214284701?
593, 361357
What are the prime factors of 7397133?
3, 223, 11057
What are the prime factors of 1811867?
1811867
What are the prime factors of 87959498?
2, 11, 23, 15803
List the prime factors of 510517501.
13, 59, 665603
What are the prime factors of 21381402?
2, 3, 7, 541, 941
What are the prime factors of 40085076?
2, 3, 29, 229, 503
What are the prime factors of 273329278?
2, 136664639
List the prime factors of 9613688286.
2, 3, 19, 7321, 11519
What are the prime factors of 7537986?
2, 3, 43, 9739
What are the prime factors of 137723766?
2, 3, 17, 107, 12619
What are the prime factors of 2409131939?
79, 601, 50741
List the prime factors of 3284098916.
2, 7, 3931, 29837
What are the prime factors of 73223721?
3, 2237, 3637
List the prime factors of 32077810.
2, 5, 17, 188693
What are the prime factors of 542070438?
2, 3, 7, 13, 141829
List the prime factors of 51141460.
2, 5, 937, 2729
List the prime factors of 50419694.
2, 13, 109, 17791
List the prime factors of 8166959.
8166959
What are the prime factors of 615539986?
2, 53, 5806981
What are the prime factors of 199932715?
5, 89, 449287
What are the prime factors of 239915051?
977, 245563
List the prime factors of 11331916.
2, 23, 37, 3329
List the prime factors of 105637622.
2, 3089, 17099
What are the prime factors of 795137300?
2, 5, 2689, 2957
List the prime factors of 3666707072.
2, 7, 61, 73, 919
What are the prime factors of 420574325?
5, 683, 24631
What are the prime factors of 138834240?
2, 3, 5, 17, 47, 181
List the prime factors of 1257987.
3, 419329
List the prime factors of 26760256.
2, 418129
List the prime factors of 1290102087.
3, 430034029
List the prime factors of 1495099793.
11, 619, 219577
What are the prime factors of 236848675?
5, 7, 17, 79613
List the prime factors of 29692328.
2, 3711541
What are the prime factors of 78577375?
5, 113, 5563
List the prime factors of 1547956867.
29, 1259, 42397
What are the prime factors of 2494547917?
13291, 187687
List the prime factors of 43982179.
17, 2587187
What are the prime factors of 75156499?
11, 421, 16229
What are the prime factors of 56107501?
56107501
What are the prime factors of 5250486?
2, 3, 23, 38047
What are the prime factors of 318972718?
2, 159486359
List the prime factors of 2933114185.
5, 8353, 70229
What are the prime factors of 343447566?
2, 3, 7, 11, 17, 6247
List the prime factors of 487912414.
2, 11, 29, 37, 1879
List the prime factors of 169765802.
2, 557, 152393
List the prime factors of 124989802.
2, 7, 197, 45319
List the prime factors of 264929732.
2, 23, 29, 109, 911
List the prime factors of 2961616176.
2, 3, 6855593
List the prime factors of 4628996557.
13781, 335897
What are the prime factors of 433746508?
2, 13, 601, 13879
List the prime factors of 7653522218.
2, 3826761109
List the prime factors of 2073738317.
7, 83, 3569257
List the prime factors of 533548784.
2, 33346799
What are the prime factors of 50014760?
2, 5, 367, 3407
List the prime factors of 8173200.
2, 3, 5, 7, 139
What are the prime factors of 3045643388?
2, 43, 67, 127, 2081
List the prime factors of 2381792045.
5, 67, 7109827
List the prime factors of 165963707.
7, 13, 17, 71, 1511
What are the prime factors of 11604739?
1621, 7159
What are the prime factors of 9318099?
3, 7, 167, 2657
What are the prime factors of 439754191?
71, 457, 13553
What are the prime factors of 1661016240?
2, 3, 5, 13, 149, 397
List the prime factors of 551704522.
2, 275852261
What are the prime factors of 3231068227?
8563, 377329
List the prime factors of 40162886.
2, 1871, 10733
List the prime factors of 314832151.
314832151
What are the prime factors of 1107875852?
2, 457, 606059
List the prime factors of 33181079.
43, 771653
List the prime factors of 26037745.
5, 5207549
List the prime factors of 546338179.
19, 28754641
What are the prime factors of 827615143?
827615143
List the prime factors of 1324957249.
7, 11, 29, 593353
What are the prime factors of 446203298?
2, 97, 2300017
List the prime factors of 6308938861.
65867, 95783
List the prime factors of 861402864.
2, 3, 7, 233, 11003
What are the prime factors of 15858416?
2, 7, 17, 8329
List the prime factors of 773537508.
2, 3, 21487153
List the prime factors of 37118995.
5, 7423799
What are the prime factors of 31811816?
2, 3976477
What are the prime factors of 1267665725?
5, 50706629
What are the prime factors of 158919728?
2, 11, 902953
What are the prime factors of 72907241?
11, 433, 15307
List the prime factors of 6699180681.
3, 3779, 65657
List the prime factors of 59238245.
5, 11, 1077059
List the prime factors of 23330805.
3, 5, 193, 8059
What are the prime factors of 336124667?
101, 3327967
List the prime factors of 35167388.
2, 8791847
List the prime factors of 312740166.
2, 3, 52123361
What are the prime factors of 393868853?
7, 151, 372629
List the prime factors of 4610094493.
17, 23, 229, 51487
What are the prime factors of 83388341?
1667, 